t common divisor of 139 and 1?
1
What is the greatest common factor of 16 and 432?
16
Calculate the highest common factor of 110 and 44.
22
What is the greatest common divisor of 196 and 13965?
49
What is the greatest common factor of 1189 and 41?
41
Calculate the highest common divisor of 18 and 12357.
9
What is the greatest common divisor of 1 and 21?
1
What is the greatest common divisor of 1387 and 38?
19
Calculate the greatest common divisor of 96 and 528.
48
What is the greatest common factor of 117 and 156?
39
What is the greatest common divisor of 284 and 100?
4
Calculate the greatest common divisor of 162 and 432.
54
Calculate the highest common factor of 11417 and 196.
49
Calculate the highest common factor of 161 and 391.
23
Calculate the highest common divisor of 40 and 810.
10
Calculate the highest common divisor of 9 and 855.
9
Calculate the highest common divisor of 8928 and 1736.
248
Calculate the greatest common divisor of 1816 and 8.
8
What is the greatest common divisor of 60 and 290?
10
Calculate the greatest common factor of 26 and 650.
26
Calculate the highest common divisor of 1302 and 18.
6
Calculate the greatest common divisor of 1798 and 348.
58
Calculate the highest common divisor of 135 and 54.
27
Calculate the highest common factor of 60 and 1.
1
What is the highest common divisor of 44 and 77?
11
What is the greatest common divisor of 2314 and 52?
26
Calculate the greatest common divisor of 600 and 16.
8
Calculate the highest common divisor of 936 and 26.
26
Calculate the highest common divisor of 76 and 95.
19
Calculate the highest common factor of 468 and 8.
4
Calculate the highest common factor of 736 and 32.
32
Calculate the greatest common factor of 1387 and 38.
19
Calculate the highest common factor of 414 and 126.
18
Calculate the highest common divisor of 39 and 5876.
13
What is the highest common divisor of 9 and 1773?
9
What is the highest common divisor of 9 and 99?
9
Calculate the highest common divisor of 22 and 2134.
22
What is the highest common divisor of 64 and 2048?
64
Calculate the highest common divisor of 15334 and 561.
187
Calculate the highest common divisor of 7261 and 212.
53
What is the greatest common factor of 784 and 49?
49
Calculate the greatest common factor of 25 and 1275.
25
What is the greatest common divisor of 40 and 850?
10
Calculate the highest common divisor of 35 and 427.
7
What is the greatest common factor of 29 and 36830?
29
What is the highest common factor of 4 and 1172?
4
Calculate the highest common divisor of 2009 and 35.
7
What is the highest common factor of 135 and 145?
5
Calculate the highest common divisor of 105 and 15.
15
What is the highest common factor of 260 and 5070?
130
What is the highest common divisor of 572 and 77?
11
Calculate the greatest common divisor of 34 and 697.
17
Calculate the highest common divisor of 6 and 720.
6
What is the greatest common divisor of 3 and 4269?
3
Calculate the greatest common divisor of 75299 and 31.
31
Calculate the greatest common divisor of 448 and 84.
28
What is the greatest common factor of 57 and 33?
3
Calculate the greatest common divisor of 42 and 6041.
7
Calculate the greatest common divisor of 156 and 468.
156
What is the greatest common divisor of 672 and 492?
12
What is the highest common factor of 78 and 12?
6
Calculate the highest common factor of 1225 and 25.
25
What is the highest common divisor of 12 and 108?
12
What is the greatest common divisor of 37 and 4?
1
What is the greatest common factor of 160 and 40?
40
What is the highest common divisor of 5 and 16?
1
Calculate the highest common factor of 515 and 721.
103
What is the highest common factor of 53304 and 24?
24
What is the highest common divisor of 15 and 915?
15
What is the highest common factor of 210 and 1785?
105
Calculate the highest common factor of 230 and 12190.
230
What is the highest common factor of 23361 and 13?
13
Calculate the highest common divisor of 1584 and 1276.
44
Calculate the greatest common divisor of 96 and 224.
32
Calculate the highest common factor of 168 and 9352.
56
Calculate the highest common factor of 51 and 6.
3
Calculate the greatest common divisor of 2928 and 549.
183
What is the highest common divisor of 77 and 209?
11
What is the highest common factor of 348 and 156?
12
What is the greatest common divisor of 182 and 140?
14
What is the greatest common divisor of 3208 and 168?
8
What is the highest common factor of 930 and 60?
30
Calculate the greatest common divisor of 1926 and 1350.
18
What is the greatest common divisor of 276 and 36?
12
What is the highest common factor of 2990 and 2530?
230
What is the greatest common factor of 1856 and 174?
58
What is the highest common divisor of 58 and 8149?
29
Calculate the highest common divisor of 63 and 306.
9
Calculate the highest common factor of 1072 and 48.
16
Calculate the greatest common factor of 81 and 621.
27
What is the greatest common divisor of 378 and 2898?
126
Calculate the greatest common divisor of 48 and 156.
12
What is the highest common factor of 3073 and 21?
7
Calculate the greatest common divisor of 86 and 817.
43
What is the highest common factor of 38 and 36708?
38
What is the greatest common divisor of 242 and 352?
22
What is the highest common factor of 249 and 51?
3
Calculate the greatest common factor of 4 and 14156.
4
Calculate the highest common divisor of 1843 and 437.
19
Calculate the greatest common divisor of 28 and 693.
7
What is the highest common divisor of 330 and 60?
30
Calculate the highest common factor of 1449 and 322.
161
What is the highest common factor of 203 and 1537?
29
What is the greatest common divisor of 8 and 316?
4
What is the highest common divisor of 231 and 1848?
231
Calculate the greatest common factor of 168 and 2268.
84
Calculate the greatest common factor of 33 and 8921.
11
Calculate the greatest common divisor of 23 and 23.
23
Calculate the greatest common divisor of 6 and 93.
3
Calculate the greatest common divisor of 4190 and 50.
10
Calculate the highest common divisor of 5112 and 288.
72
What is the highest common factor of 108 and 372?
12
Calculate the greatest common divisor of 40 and 10.
10
Calculate the greatest common factor of 129 and 1247.
43
Calculate the greatest common divisor of 4284 and 51.
51
Calculate the greatest common factor of 18 and 243.
9
What is the highest common factor of 172 and 10320?
172
Calculate the highest common divisor of 60 and 30.
30
Calculate the greatest common divisor of 36 and 96.
12
What is the highest common divisor of 3003 and 84?
21
Calculate the greatest common factor of 923 and 13.
13
Calculate the greatest common divisor of 29 and 87.
29
Calculate the highest common divisor of 640 and 896.
128
Calculate the greatest common factor of 145 and 235.
5
Calculate the greatest common divisor of 16 and 176.
16
What is the highest common divisor of 2 and 18?
2
Calculate the highest common factor of 1053 and 273.
39
Calculate the greatest common divisor of 7 and 8491.
7
What is the highest common factor of 60 and 480?
60
Calculate the highest common divisor of 304 and 64.
16
What is the greatest common divisor of 42 and 42546?
42
What is the highest common factor of 81 and 9?
9
Calculate the highest common factor of 248 and 31.
31
What is the greatest common divisor of 169 and 8281?
169
Calculate the highest common divisor of 161 and 230.
23
What is the greatest common divisor of 9633 and 26?
13
What is the highest common divisor of 429 and 1092?
39
What is the greatest common divisor of 54 and 5?
1
What is the greatest common divisor of 90 and 1110?
30
Calculate the greatest common factor of 33 and 55.
11
What is the greatest common divisor of 109 and 7957?
109
What is the greatest common divisor of 2800 and 240?
80
What is the highest common divisor of 1449 and 315?
63
What is the highest common factor of 1984 and 93?
31
What is the highest common factor of 266 and 190?
38
Calculate the highest common divisor of 31 and 992.
31
What is the highest common divisor of 3348 and 54?
54
What is the greatest common divisor of 43380 and 180?
180
Calculate the greatest common divisor of 43716 and 12.
12
What is the highest common factor of 44 and 52?
4
What is the greate